{"id":366,"date":"2020-01-12T21:47:59","date_gmt":"2020-01-12T21:47:59","guid":{"rendered":"https:\/\/teszt.ferenczykollegium.hu\/?page_id=366"},"modified":"2025-10-21T14:49:47","modified_gmt":"2025-10-21T13:49:47","slug":"tudnivalok","status":"publish","type":"page","link":"https:\/\/ferenczykollegium.hu\/?page_id=366","title":{"rendered":"Tudnival\u00f3k"},"content":{"rendered":"\n<p><strong>Jelentkez\u00e9s a koll\u00e9giumba:<\/strong><\/p>\n\n\n\n<p>Koll\u00e9giumunk \u00f6n\u00e1ll\u00f3 int\u00e9zm\u00e9ny, a jelentkez\u00e9s k\u00f6zvetlen\u00fcl az int\u00e9zm\u00e9nyben t\u00f6rt\u00e9nik, a felv\u00e9telr\u0151l az int\u00e9zm\u00e9ny vezet\u0151je d\u00f6nt. Jelentkez\u00e9si lap a fel\u00fcletr\u0151l let\u00f6lthet\u0151.<\/p>\n\n\n\n<p><strong>T\u00e9r\u00edt\u00e9si d\u00edjak<\/strong><\/p>\n\n\n\n<p><strong>&nbsp;&nbsp;&nbsp;&nbsp;<\/strong><strong>&nbsp;&nbsp;&nbsp;&nbsp;<\/strong>&nbsp;1.&nbsp;&nbsp;&nbsp;&nbsp;<strong>A koll\u00e9giumi \u00e9tkez\u00e9s t\u00e9r\u00edt\u00e9si d\u00edjai megegyeznek az iskolai \u00e9tkez\u00e9s t\u00e9r\u00edt\u00e9si d\u00edjaival<\/strong>, mivel ezen k\u00f6zfeladat ell\u00e1t\u00e1s\u00e1t a helyi \u00f6nkorm\u00e1nyzat \u00e9tkeztet\u00e9si c\u00e9ge &#8211; eset\u00fcnkben a F\u0151v\u00e1rosi \u00d6nkorm\u00e1nyzat \u00c9tkeztet\u00e9si Szolg\u00e1ltat\u00f3 Gazdas\u00e1gi Szervezete &#8211; l\u00e1tja el.<\/p>\n\n\n\n<p>2.&nbsp;&nbsp;&nbsp;&nbsp;&nbsp;&nbsp;<strong>A koll\u00e9giumi ell\u00e1t\u00e1s \u2013 sz\u00e1ll\u00e1s, pedag\u00f3giai fel\u00fcgyelet, k\u00f6telez\u0151 foglalkoz\u00e1sok<\/strong>&nbsp;&#8211; a 229\/2012 (VIII. 28.) korm\u00e1nyrendelet \u00e9rtelm\u00e9ben d\u00edjmentesen vehet\u0151 ig\u00e9nybe az al\u00e1bbi esetekben:<br><br><strong><em>\u201e(3)<\/em><\/strong><a href=\"https:\/\/net.jogtar.hu\/jogszabaly?docid=A1200229.KOR#lbj83id6c9d\"><strong><em><sup>&nbsp;<\/sup><\/em><\/strong><\/a><strong><em>&nbsp;A tanul\u00f3nak a&nbsp;koll\u00e9giumi tags\u00e1gi jogviszony t\u00e9r\u00edt\u00e9smentes, ha<\/em><\/strong><\/p>\n\n\n\n<p><strong><em>a)&nbsp;&nbsp;&nbsp;&nbsp;&nbsp;<\/em><\/strong><strong><em>a tanul\u00f3 nappali rendszer\u0171 iskolai oktat\u00e1sban vagy a nappali oktat\u00e1s munkarendje szerint szervezett feln\u0151ttoktat\u00e1sban vesz r\u00e9szt, mindaddig, am\u00edg sz\u00e1m\u00e1ra az iskolai oktat\u00e1s &#8211; jogszab\u00e1ly rendelkez\u00e9se alapj\u00e1n &#8211; ingyenes, vagy<\/em><\/strong><\/p>\n\n\n\n<p><strong><em>b)&nbsp;&nbsp;&nbsp;&nbsp;&nbsp;<\/em><\/strong><strong><em>a tanul\u00f3 nem a nappali oktat\u00e1s munkarendje szerint szervezett feln\u0151ttoktat\u00e1s keret\u00e9ben vesz r\u00e9szt iskolai oktat\u00e1sban, tizenkilenc \u00e9ven aluli \u00e9s az iskolai szolg\u00e1ltat\u00e1st &#8211; jogszab\u00e1ly rendelkez\u00e9se alapj\u00e1n &#8211; ingyenesen veszi ig\u00e9nybe.\u201d<\/em><\/strong><\/p>\n\n\n\n<p>T\u00e9r\u00edt\u00e9si d\u00edj ellen\u00e9ben vehet\u0151 ig\u00e9nybe az al\u00e1bbi esetekben:<\/p>\n\n\n\n<p><em>\u201e1a)&nbsp;<\/em><em>&nbsp;A koll\u00e9giumi szolg\u00e1ltat\u00e1s ig\u00e9nybev\u00e9tel\u00e9\u00e9rt a tanul\u00f3 tand\u00edjat fizet, ha<\/em><\/p>\n\n\n\n<p><em>a)&nbsp;&nbsp;&nbsp;&nbsp;<\/em><em>az iskolai alapszolg\u00e1ltat\u00e1st tand\u00edj fizet\u00e9se mellett veszi ig\u00e9nybe, vagy<\/em><\/p>\n\n\n\n<p><em>b)&nbsp;&nbsp;&nbsp;&nbsp;<\/em><em>a tanul\u00f3 nem a nappali oktat\u00e1s munkarendje szerint szervezett feln\u0151ttoktat\u00e1s keret\u00e9ben vesz r\u00e9szt iskolai oktat\u00e1sban \u00e9s tizenkilenc \u00e9ven fel\u00fcli.\u201d<\/em><\/p>\n\n\n\n<p><strong>Ny\u00edlt nap, szem\u00e9lyes t\u00e1j\u00e9koz\u00f3d\u00e1s<\/strong><\/p>\n\n\n\n<p>A m\u00e1jus valamely napj\u00e1ra meghirdetett ny\u00edlt napon a koll\u00e9gium szem\u00e9lyesen is megtekinthet\u0151, de id\u0151pont egyeztet\u00e9ssel a tan\u00e9v m\u00e1s napjain is fogadjuk az \u00e9rdekl\u0151d\u0151ket. Id\u0151pontot Boda Brigitta koll\u00e9giumi titk\u00e1rt\u00f3l lehet k\u00e9rni.<\/p>\n\n\n\n<p>A koll\u00e9giumi \u00e9let rendj\u00e9r\u0151l az int\u00e9zm\u00e9nyi alapdokumentumokb\u00f3l, els\u0151sorban a H\u00e1zirendb\u0151l r\u00e9szletesen is t\u00e1j\u00e9koz\u00f3dhatnak.<\/p>\n","protected":false},"excerpt":{"rendered":"<p>Jelentkez\u00e9s a koll\u00e9giumba: Koll\u00e9giumunk \u00f6n\u00e1ll\u00f3 int\u00e9zm\u00e9ny, a jelentkez\u00e9s k\u00f6zvetlen\u00fcl az int\u00e9zm\u00e9nyben t\u00f6rt\u00e9nik, a felv\u00e9telr\u0151l az int\u00e9zm\u00e9ny vezet\u0151je d\u00f6nt. Jelentkez\u00e9si lap a fel\u00fcletr\u0151l let\u00f6lthet\u0151. T\u00e9r\u00edt\u00e9si d\u00edjak &nbsp;&nbsp;&nbsp;&nbsp;&nbsp;&nbsp;&nbsp;&nbsp;&nbsp;1.&nbsp;&nbsp;&nbsp;&nbsp;A koll\u00e9giumi \u00e9tkez\u00e9s t\u00e9r\u00edt\u00e9si d\u00edjai megegyeznek az iskolai \u00e9tkez\u00e9s t\u00e9r\u00edt\u00e9si d\u00edjaival, mivel ezen k\u00f6zfeladat ell\u00e1t\u00e1s\u00e1t a helyi \u00f6nkorm\u00e1nyzat \u00e9tkeztet\u00e9si c\u00e9ge &#8211; eset\u00fcnkben a F\u0151v\u00e1rosi \u00d6nkorm\u00e1nyzat \u00c9tkeztet\u00e9si Szolg\u00e1ltat\u00f3 Gazdas\u00e1gi Szervezete &#8211; [&hellip;]<\/p>\n","protected":false},"author":1,"featured_media":0,"parent":0,"menu_order":0,"comment_status":"closed","ping_status":"closed","template":"","meta":{"ngg_post_thumbnail":0,"_mc_calendar":[],"footnotes":""},"class_list":["post-366","page","type-page","status-publish","hentry"],"yoast_head":"<!-- This site is optimized with the Yoast SEO plugin v27.2 - https:\/\/yoast.com\/product\/yoast-seo-wordpress\/ -->\n<title>Tudnival\u00f3k - Ferenczy No\u00e9mi K\u00f6z\u00e9piskolai Le\u00e1nykoll\u00e9gium<\/title>\n<meta name=\"robots\" content=\"index, follow, max-snippet:-1, max-image-preview:large, max-video-preview:-1\" \/>\n<link rel=\"canonical\" href=\"https:\/\/ferenczykollegium.hu\/?page_id=366\" \/>\n<meta property=\"og:locale\" content=\"hu_HU\" \/>\n<meta property=\"og:type\" content=\"article\" \/>\n<meta property=\"og:title\" content=\"Tudnival\u00f3k - Ferenczy No\u00e9mi K\u00f6z\u00e9piskolai Le\u00e1nykoll\u00e9gium\" \/>\n<meta property=\"og:description\" content=\"Jelentkez\u00e9s a koll\u00e9giumba: Koll\u00e9giumunk \u00f6n\u00e1ll\u00f3 int\u00e9zm\u00e9ny, a jelentkez\u00e9s k\u00f6zvetlen\u00fcl az int\u00e9zm\u00e9nyben t\u00f6rt\u00e9nik, a felv\u00e9telr\u0151l az int\u00e9zm\u00e9ny vezet\u0151je d\u00f6nt. Jelentkez\u00e9si lap a fel\u00fcletr\u0151l let\u00f6lthet\u0151. T\u00e9r\u00edt\u00e9si d\u00edjak &nbsp;&nbsp;&nbsp;&nbsp;&nbsp;&nbsp;&nbsp;&nbsp;&nbsp;1.&nbsp;&nbsp;&nbsp;&nbsp;A koll\u00e9giumi \u00e9tkez\u00e9s t\u00e9r\u00edt\u00e9si d\u00edjai megegyeznek az iskolai \u00e9tkez\u00e9s t\u00e9r\u00edt\u00e9si d\u00edjaival, mivel ezen k\u00f6zfeladat ell\u00e1t\u00e1s\u00e1t a helyi \u00f6nkorm\u00e1nyzat \u00e9tkeztet\u00e9si c\u00e9ge &#8211; eset\u00fcnkben a F\u0151v\u00e1rosi \u00d6nkorm\u00e1nyzat \u00c9tkeztet\u00e9si Szolg\u00e1ltat\u00f3 Gazdas\u00e1gi Szervezete &#8211; [&hellip;]\" \/>\n<meta property=\"og:url\" content=\"https:\/\/ferenczykollegium.hu\/?page_id=366\" \/>\n<meta property=\"og:site_name\" content=\"Ferenczy No\u00e9mi K\u00f6z\u00e9piskolai Le\u00e1nykoll\u00e9gium\" \/>\n<meta property=\"article:publisher\" content=\"https:\/\/www.facebook.com\/ferenczynoemi.kozepiskolaikollegium\" \/>\n<meta property=\"article:modified_time\" content=\"2025-10-21T13:49:47+00:00\" \/>\n<meta name=\"twitter:card\" content=\"summary_large_image\" \/>\n<meta name=\"twitter:label1\" content=\"Becs\u00fclt olvas\u00e1si id\u0151\" \/>\n\t<meta name=\"twitter:data1\" content=\"2 perc\" \/>\n<script type=\"application\/ld+json\" class=\"yoast-schema-graph\">{\"@context\":\"https:\/\/schema.org\",\"@graph\":[{\"@type\":\"WebPage\",\"@id\":\"https:\/\/ferenczykollegium.hu\/?page_id=366\",\"url\":\"https:\/\/ferenczykollegium.hu\/?page_id=366\",\"name\":\"Tudnival\u00f3k - Ferenczy No\u00e9mi K\u00f6z\u00e9piskolai Le\u00e1nykoll\u00e9gium\",\"isPartOf\":{\"@id\":\"https:\/\/ferenczykollegium.hu\/#website\"},\"datePublished\":\"2020-01-12T21:47:59+00:00\",\"dateModified\":\"2025-10-21T13:49:47+00:00\",\"inLanguage\":\"hu\",\"potentialAction\":[{\"@type\":\"ReadAction\",\"target\":[\"https:\/\/ferenczykollegium.hu\/?page_id=366\"]}]},{\"@type\":\"WebSite\",\"@id\":\"https:\/\/ferenczykollegium.hu\/#website\",\"url\":\"https:\/\/ferenczykollegium.hu\/\",\"name\":\"Ferenczy No\u00e9mi K\u00f6z\u00e9piskolai Le\u00e1nykoll\u00e9gium\",\"description\":\"\",\"potentialAction\":[{\"@type\":\"SearchAction\",\"target\":{\"@type\":\"EntryPoint\",\"urlTemplate\":\"https:\/\/ferenczykollegium.hu\/?s={search_term_string}\"},\"query-input\":{\"@type\":\"PropertyValueSpecification\",\"valueRequired\":true,\"valueName\":\"search_term_string\"}}],\"inLanguage\":\"hu\"}]}<\/script>\n<!-- \/ Yoast SEO plugin. -->","yoast_head_json":{"title":"Tudnival\u00f3k - Ferenczy No\u00e9mi K\u00f6z\u00e9piskolai Le\u00e1nykoll\u00e9gium","robots":{"index":"index","follow":"follow","max-snippet":"max-snippet:-1","max-image-preview":"max-image-preview:large","max-video-preview":"max-video-preview:-1"},"canonical":"https:\/\/ferenczykollegium.hu\/?page_id=366","og_locale":"hu_HU","og_type":"article","og_title":"Tudnival\u00f3k - Ferenczy No\u00e9mi K\u00f6z\u00e9piskolai Le\u00e1nykoll\u00e9gium","og_description":"Jelentkez\u00e9s a koll\u00e9giumba: Koll\u00e9giumunk \u00f6n\u00e1ll\u00f3 int\u00e9zm\u00e9ny, a jelentkez\u00e9s k\u00f6zvetlen\u00fcl az int\u00e9zm\u00e9nyben t\u00f6rt\u00e9nik, a felv\u00e9telr\u0151l az int\u00e9zm\u00e9ny vezet\u0151je d\u00f6nt. Jelentkez\u00e9si lap a fel\u00fcletr\u0151l let\u00f6lthet\u0151. T\u00e9r\u00edt\u00e9si d\u00edjak &nbsp;&nbsp;&nbsp;&nbsp;&nbsp;&nbsp;&nbsp;&nbsp;&nbsp;1.&nbsp;&nbsp;&nbsp;&nbsp;A koll\u00e9giumi \u00e9tkez\u00e9s t\u00e9r\u00edt\u00e9si d\u00edjai megegyeznek az iskolai \u00e9tkez\u00e9s t\u00e9r\u00edt\u00e9si d\u00edjaival, mivel ezen k\u00f6zfeladat ell\u00e1t\u00e1s\u00e1t a helyi \u00f6nkorm\u00e1nyzat \u00e9tkeztet\u00e9si c\u00e9ge &#8211; eset\u00fcnkben a F\u0151v\u00e1rosi \u00d6nkorm\u00e1nyzat \u00c9tkeztet\u00e9si Szolg\u00e1ltat\u00f3 Gazdas\u00e1gi Szervezete &#8211; [&hellip;]","og_url":"https:\/\/ferenczykollegium.hu\/?page_id=366","og_site_name":"Ferenczy No\u00e9mi K\u00f6z\u00e9piskolai Le\u00e1nykoll\u00e9gium","article_publisher":"https:\/\/www.facebook.com\/ferenczynoemi.kozepiskolaikollegium","article_modified_time":"2025-10-21T13:49:47+00:00","twitter_card":"summary_large_image","twitter_misc":{"Becs\u00fclt olvas\u00e1si id\u0151":"2 perc"},"schema":{"@context":"https:\/\/schema.org","@graph":[{"@type":"WebPage","@id":"https:\/\/ferenczykollegium.hu\/?page_id=366","url":"https:\/\/ferenczykollegium.hu\/?page_id=366","name":"Tudnival\u00f3k - Ferenczy No\u00e9mi K\u00f6z\u00e9piskolai Le\u00e1nykoll\u00e9gium","isPartOf":{"@id":"https:\/\/ferenczykollegium.hu\/#website"},"datePublished":"2020-01-12T21:47:59+00:00","dateModified":"2025-10-21T13:49:47+00:00","inLanguage":"hu","potentialAction":[{"@type":"ReadAction","target":["https:\/\/ferenczykollegium.hu\/?page_id=366"]}]},{"@type":"WebSite","@id":"https:\/\/ferenczykollegium.hu\/#website","url":"https:\/\/ferenczykollegium.hu\/","name":"Ferenczy No\u00e9mi K\u00f6z\u00e9piskolai Le\u00e1nykoll\u00e9gium","description":"","potentialAction":[{"@type":"SearchAction","target":{"@type":"EntryPoint","urlTemplate":"https:\/\/ferenczykollegium.hu\/?s={search_term_string}"},"query-input":{"@type":"PropertyValueSpecification","valueRequired":true,"valueName":"search_term_string"}}],"inLanguage":"hu"}]}},"_links":{"self":[{"href":"https:\/\/ferenczykollegium.hu\/index.php?rest_route=\/wp\/v2\/pages\/366","targetHints":{"allow":["GET"]}}],"collection":[{"href":"https:\/\/ferenczykollegium.hu\/index.php?rest_route=\/wp\/v2\/pages"}],"about":[{"href":"https:\/\/ferenczykollegium.hu\/index.php?rest_route=\/wp\/v2\/types\/page"}],"author":[{"embeddable":true,"href":"https:\/\/ferenczykollegium.hu\/index.php?rest_route=\/wp\/v2\/users\/1"}],"replies":[{"embeddable":true,"href":"https:\/\/ferenczykollegium.hu\/index.php?rest_route=%2Fwp%2Fv2%2Fcomments&post=366"}],"version-history":[{"count":4,"href":"https:\/\/ferenczykollegium.hu\/index.php?rest_route=\/wp\/v2\/pages\/366\/revisions"}],"predecessor-version":[{"id":2572,"href":"https:\/\/ferenczykollegium.hu\/index.php?rest_route=\/wp\/v2\/pages\/366\/revisions\/2572"}],"wp:attachment":[{"href":"https:\/\/ferenczykollegium.hu\/index.php?rest_route=%2Fwp%2Fv2%2Fmedia&parent=366"}],"curies":[{"name":"wp","href":"https:\/\/api.w.org\/{rel}","templated":true}]}}