{"id":456,"date":"2020-01-20T14:58:47","date_gmt":"2020-01-20T14:58:47","guid":{"rendered":"https:\/\/teszt.ferenczykollegium.hu\/?page_id=456"},"modified":"2020-01-20T16:16:19","modified_gmt":"2020-01-20T16:16:19","slug":"egyutteles-szabalyai","status":"publish","type":"page","link":"https:\/\/ferenczykollegium.hu\/?page_id=456","title":{"rendered":"Egy\u00fctt\u00e9l\u00e9s szab\u00e1lyai"},"content":{"rendered":"\n<p><strong>Az egy\u00fctt\u00e9l\u00e9s legfontosabb szab\u00e1lyai a koll\u00e9giumban<\/strong><\/p>\n\n\n\n<p class=\"has-text-align-center\">A koll\u00e9gium F\u00dcSTMENTES int\u00e9zm\u00e9ny, ez\u00e9rt a doh\u00e1nyz\u00e1s az \u00e9p\u00fclet \u00e9s az udvar eg\u00e9sz ter\u00fclet\u00e9n, valamint az \u00e9p\u00fclet k\u00f6r\u00fcli j\u00e1rd\u00e1n is tilos!<br>A koll\u00e9gium ter\u00fclet\u00e9re szeszes italt, drogot behozni tilos!<br>Az \u00e9tkez\u00e9st az eb\u00e9dl\u00f5ben kell lebonyol\u00edtani. \u00c9lelmet a h\u00e1l\u00f3szob\u00e1kba felvinni, ott t\u00e1rolni nem lehet.<br>A szoba felszerel\u00e9sei\u00e9rt, rendeltet\u00e9sszer\u00fb haszn\u00e1lat\u00e1\u00e9rt \/\u00e1gy, szekr\u00e9ny, sz\u00e9k, asztal, fogas, sz\u00e1r\u00edt\u00f3, ablaknyit\u00f3, olvas\u00f3l\u00e1mpa, stb.\/ a szoba lak\u00f3i &#8211; szem\u00e9ly szerint&nbsp; anyagi felel\u00f5ss\u00e9ggel tartoznak.<br>A szob\u00e1k tisztas\u00e1g\u00e1\u00e9rt az ott lak\u00f3k felelnek.<br>A szob\u00e1k fal\u00e1ra \u00e9s b\u00fatorzat\u00e1ra posztert ragasztani, firk\u00e1lni tilos!<br>A szob\u00e1kban lev\u00f5 polcok 5 kg-ig terhelhet\u00f5k.<br>A szob\u00e1kban ruh\u00e1t sz\u00e1r\u00edtani nem szabad!<br>Otthonr\u00f3l hozott elektromos berendez\u00e9seket a szob\u00e1kban \u00e9s a koll\u00e9gium egy\u00e9b helyis\u00e9geiben haszn\u00e1lni tilos!<br>Ha a szob\u00e1kban senki nem tart\u00f3zkodik, az ablakokat z\u00e1rva kell tartani.<br>A tanul\u00f3k reggeli \u00e9breszt\u00f5j\u00fckr\u00f5l \u00f6n\u00e1ll\u00f3an gondoskodnak, k\u00fcl\u00f6nleges ig\u00e9nyeiket az \u00fcgyeletes tan\u00e1rral besz\u00e9lik meg.<br>Vend\u00e9gfogad\u00e1s este 19\u00e9s 20 \u00f3ra k\u00f6z\u00f6tt a t\u00e1rsalg\u00f3ban&nbsp; az \u00fcgyeletes tan\u00e1r tudt\u00e1val&nbsp; lehets\u00e9ges.<br>Ha a szob\u00e1kban, vagy az \u00e9p\u00fclet egy\u00e9b helyis\u00e9geiben b\u00e1rmilyen meghib\u00e1sod\u00e1s, vagy egy\u00e9b probl\u00e9ma ad\u00f3dik, azonnal jelenteni kell az \u00fcgyeletes tan\u00e1rnak.\n\n<\/p>\n","protected":false},"excerpt":{"rendered":"<p>Az egy\u00fctt\u00e9l\u00e9s legfontosabb szab\u00e1lyai a koll\u00e9giumban A koll\u00e9gium F\u00dcSTMENTES int\u00e9zm\u00e9ny, ez\u00e9rt a doh\u00e1nyz\u00e1s az \u00e9p\u00fclet \u00e9s az udvar eg\u00e9sz ter\u00fclet\u00e9n, valamint az \u00e9p\u00fclet k\u00f6r\u00fcli j\u00e1rd\u00e1n is tilos!A koll\u00e9gium ter\u00fclet\u00e9re szeszes italt, drogot behozni tilos!Az \u00e9tkez\u00e9st az eb\u00e9dl\u00f5ben kell lebonyol\u00edtani. \u00c9lelmet a h\u00e1l\u00f3szob\u00e1kba felvinni, ott t\u00e1rolni nem lehet.A szoba felszerel\u00e9sei\u00e9rt, rendeltet\u00e9sszer\u00fb haszn\u00e1lat\u00e1\u00e9rt \/\u00e1gy, szekr\u00e9ny, sz\u00e9k, asztal, [&hellip;]<\/p>\n","protected":false},"author":1,"featured_media":0,"parent":0,"menu_order":0,"comment_status":"closed","ping_status":"closed","template":"","meta":{"ngg_post_thumbnail":0,"_mc_calendar":[],"footnotes":""},"class_list":["post-456","page","type-page","status-publish","hentry"],"yoast_head":"<!-- This site is optimized with the Yoast SEO plugin v27.2 - https:\/\/yoast.com\/product\/yoast-seo-wordpress\/ -->\n<title>Egy\u00fctt\u00e9l\u00e9s szab\u00e1lyai - Ferenczy No\u00e9mi K\u00f6z\u00e9piskolai Le\u00e1nykoll\u00e9gium<\/title>\n<meta name=\"robots\" content=\"index, follow, max-snippet:-1, max-image-preview:large, max-video-preview:-1\" \/>\n<link rel=\"canonical\" href=\"https:\/\/ferenczykollegium.hu\/?page_id=456\" \/>\n<meta property=\"og:locale\" content=\"hu_HU\" \/>\n<meta property=\"og:type\" content=\"article\" \/>\n<meta property=\"og:title\" content=\"Egy\u00fctt\u00e9l\u00e9s szab\u00e1lyai - Ferenczy No\u00e9mi K\u00f6z\u00e9piskolai Le\u00e1nykoll\u00e9gium\" \/>\n<meta property=\"og:description\" content=\"Az egy\u00fctt\u00e9l\u00e9s legfontosabb szab\u00e1lyai a koll\u00e9giumban A koll\u00e9gium F\u00dcSTMENTES int\u00e9zm\u00e9ny, ez\u00e9rt a doh\u00e1nyz\u00e1s az \u00e9p\u00fclet \u00e9s az udvar eg\u00e9sz ter\u00fclet\u00e9n, valamint az \u00e9p\u00fclet k\u00f6r\u00fcli j\u00e1rd\u00e1n is tilos!A koll\u00e9gium ter\u00fclet\u00e9re szeszes italt, drogot behozni tilos!Az \u00e9tkez\u00e9st az eb\u00e9dl\u00f5ben kell lebonyol\u00edtani. \u00c9lelmet a h\u00e1l\u00f3szob\u00e1kba felvinni, ott t\u00e1rolni nem lehet.A szoba felszerel\u00e9sei\u00e9rt, rendeltet\u00e9sszer\u00fb haszn\u00e1lat\u00e1\u00e9rt \/\u00e1gy, szekr\u00e9ny, sz\u00e9k, asztal, [&hellip;]\" \/>\n<meta property=\"og:url\" content=\"https:\/\/ferenczykollegium.hu\/?page_id=456\" \/>\n<meta property=\"og:site_name\" content=\"Ferenczy No\u00e9mi K\u00f6z\u00e9piskolai Le\u00e1nykoll\u00e9gium\" \/>\n<meta property=\"article:publisher\" content=\"https:\/\/www.facebook.com\/ferenczynoemi.kozepiskolaikollegium\" \/>\n<meta property=\"article:modified_time\" content=\"2020-01-20T16:16:19+00:00\" \/>\n<meta name=\"twitter:card\" content=\"summary_large_image\" \/>\n<meta name=\"twitter:label1\" content=\"Becs\u00fclt olvas\u00e1si id\u0151\" \/>\n\t<meta name=\"twitter:data1\" content=\"1 perc\" \/>\n<script type=\"application\/ld+json\" class=\"yoast-schema-graph\">{\"@context\":\"https:\/\/schema.org\",\"@graph\":[{\"@type\":\"WebPage\",\"@id\":\"https:\/\/ferenczykollegium.hu\/?page_id=456\",\"url\":\"https:\/\/ferenczykollegium.hu\/?page_id=456\",\"name\":\"Egy\u00fctt\u00e9l\u00e9s szab\u00e1lyai - Ferenczy No\u00e9mi K\u00f6z\u00e9piskolai Le\u00e1nykoll\u00e9gium\",\"isPartOf\":{\"@id\":\"https:\/\/ferenczykollegium.hu\/#website\"},\"datePublished\":\"2020-01-20T14:58:47+00:00\",\"dateModified\":\"2020-01-20T16:16:19+00:00\",\"inLanguage\":\"hu\",\"potentialAction\":[{\"@type\":\"ReadAction\",\"target\":[\"https:\/\/ferenczykollegium.hu\/?page_id=456\"]}]},{\"@type\":\"WebSite\",\"@id\":\"https:\/\/ferenczykollegium.hu\/#website\",\"url\":\"https:\/\/ferenczykollegium.hu\/\",\"name\":\"Ferenczy No\u00e9mi K\u00f6z\u00e9piskolai Le\u00e1nykoll\u00e9gium\",\"description\":\"\",\"potentialAction\":[{\"@type\":\"SearchAction\",\"target\":{\"@type\":\"EntryPoint\",\"urlTemplate\":\"https:\/\/ferenczykollegium.hu\/?s={search_term_string}\"},\"query-input\":{\"@type\":\"PropertyValueSpecification\",\"valueRequired\":true,\"valueName\":\"search_term_string\"}}],\"inLanguage\":\"hu\"}]}<\/script>\n<!-- \/ Yoast SEO plugin. -->","yoast_head_json":{"title":"Egy\u00fctt\u00e9l\u00e9s szab\u00e1lyai - Ferenczy No\u00e9mi K\u00f6z\u00e9piskolai Le\u00e1nykoll\u00e9gium","robots":{"index":"index","follow":"follow","max-snippet":"max-snippet:-1","max-image-preview":"max-image-preview:large","max-video-preview":"max-video-preview:-1"},"canonical":"https:\/\/ferenczykollegium.hu\/?page_id=456","og_locale":"hu_HU","og_type":"article","og_title":"Egy\u00fctt\u00e9l\u00e9s szab\u00e1lyai - Ferenczy No\u00e9mi K\u00f6z\u00e9piskolai Le\u00e1nykoll\u00e9gium","og_description":"Az egy\u00fctt\u00e9l\u00e9s legfontosabb szab\u00e1lyai a koll\u00e9giumban A koll\u00e9gium F\u00dcSTMENTES int\u00e9zm\u00e9ny, ez\u00e9rt a doh\u00e1nyz\u00e1s az \u00e9p\u00fclet \u00e9s az udvar eg\u00e9sz ter\u00fclet\u00e9n, valamint az \u00e9p\u00fclet k\u00f6r\u00fcli j\u00e1rd\u00e1n is tilos!A koll\u00e9gium ter\u00fclet\u00e9re szeszes italt, drogot behozni tilos!Az \u00e9tkez\u00e9st az eb\u00e9dl\u00f5ben kell lebonyol\u00edtani. \u00c9lelmet a h\u00e1l\u00f3szob\u00e1kba felvinni, ott t\u00e1rolni nem lehet.A szoba felszerel\u00e9sei\u00e9rt, rendeltet\u00e9sszer\u00fb haszn\u00e1lat\u00e1\u00e9rt \/\u00e1gy, szekr\u00e9ny, sz\u00e9k, asztal, [&hellip;]","og_url":"https:\/\/ferenczykollegium.hu\/?page_id=456","og_site_name":"Ferenczy No\u00e9mi K\u00f6z\u00e9piskolai Le\u00e1nykoll\u00e9gium","article_publisher":"https:\/\/www.facebook.com\/ferenczynoemi.kozepiskolaikollegium","article_modified_time":"2020-01-20T16:16:19+00:00","twitter_card":"summary_large_image","twitter_misc":{"Becs\u00fclt olvas\u00e1si id\u0151":"1 perc"},"schema":{"@context":"https:\/\/schema.org","@graph":[{"@type":"WebPage","@id":"https:\/\/ferenczykollegium.hu\/?page_id=456","url":"https:\/\/ferenczykollegium.hu\/?page_id=456","name":"Egy\u00fctt\u00e9l\u00e9s szab\u00e1lyai - Ferenczy No\u00e9mi K\u00f6z\u00e9piskolai Le\u00e1nykoll\u00e9gium","isPartOf":{"@id":"https:\/\/ferenczykollegium.hu\/#website"},"datePublished":"2020-01-20T14:58:47+00:00","dateModified":"2020-01-20T16:16:19+00:00","inLanguage":"hu","potentialAction":[{"@type":"ReadAction","target":["https:\/\/ferenczykollegium.hu\/?page_id=456"]}]},{"@type":"WebSite","@id":"https:\/\/ferenczykollegium.hu\/#website","url":"https:\/\/ferenczykollegium.hu\/","name":"Ferenczy No\u00e9mi K\u00f6z\u00e9piskolai Le\u00e1nykoll\u00e9gium","description":"","potentialAction":[{"@type":"SearchAction","target":{"@type":"EntryPoint","urlTemplate":"https:\/\/ferenczykollegium.hu\/?s={search_term_string}"},"query-input":{"@type":"PropertyValueSpecification","valueRequired":true,"valueName":"search_term_string"}}],"inLanguage":"hu"}]}},"_links":{"self":[{"href":"https:\/\/ferenczykollegium.hu\/index.php?rest_route=\/wp\/v2\/pages\/456","targetHints":{"allow":["GET"]}}],"collection":[{"href":"https:\/\/ferenczykollegium.hu\/index.php?rest_route=\/wp\/v2\/pages"}],"about":[{"href":"https:\/\/ferenczykollegium.hu\/index.php?rest_route=\/wp\/v2\/types\/page"}],"author":[{"embeddable":true,"href":"https:\/\/ferenczykollegium.hu\/index.php?rest_route=\/wp\/v2\/users\/1"}],"replies":[{"embeddable":true,"href":"https:\/\/ferenczykollegium.hu\/index.php?rest_route=%2Fwp%2Fv2%2Fcomments&post=456"}],"version-history":[{"count":3,"href":"https:\/\/ferenczykollegium.hu\/index.php?rest_route=\/wp\/v2\/pages\/456\/revisions"}],"predecessor-version":[{"id":505,"href":"https:\/\/ferenczykollegium.hu\/index.php?rest_route=\/wp\/v2\/pages\/456\/revisions\/505"}],"wp:attachment":[{"href":"https:\/\/ferenczykollegium.hu\/index.php?rest_route=%2Fwp%2Fv2%2Fmedia&parent=456"}],"curies":[{"name":"wp","href":"https:\/\/api.w.org\/{rel}","templated":true}]}}