{"id":744,"date":"2020-05-04T09:51:29","date_gmt":"2020-05-04T09:51:29","guid":{"rendered":"https:\/\/teszt.ferenczykollegium.hu\/?page_id=744"},"modified":"2020-05-04T09:56:39","modified_gmt":"2020-05-04T09:56:39","slug":"gyik","status":"publish","type":"page","link":"https:\/\/ferenczykollegium.hu\/?page_id=744","title":{"rendered":"GYIK"},"content":{"rendered":"\n<ol class=\"wp-block-list\" type=\"1\"><li><strong>Kell-e fizetni a koll\u00e9gium\u00e9rt?<\/strong><br><em>V\u00e1lasz:<\/em><br>A koll\u00e9gium \u00e1llami fenntart\u00e1s\u00fa int\u00e9zm\u00e9ny, nappali tagozatos, iskolarendszer\u0171 k\u00f6z\u00e9piskolai oktat\u00e1sban r\u00e9sztvev\u0151 tanul\u00f3k sz\u00e1m\u00e1ra ingyenes. Fizetni csak az \u00e9tkez\u00e9s\u00e9rt kell, melynek h\u00e9tf\u0151t\u0151l cs\u00fct\u00f6rt\u00f6kig napi k\u00e9tszeri ig\u00e9nybev\u00e9tele k\u00f6telez\u0151.<br><br><\/li><li><strong>Biztos\u00edtott-e a di\u00e9t\u00e1s \u00e9trend?<\/strong><br><em>V\u00e1lasz:<\/em><br>Igen, ig\u00e9nybev\u00e9tele szakorvosi igazol\u00e1shoz k\u00f6t\u00f6tt.<br><br><\/li><li><strong>Mennyi id\u0151re sz\u00f3l a koll\u00e9giumi felv\u00e9tel?<\/strong><br><em>V\u00e1lasz:<\/em><br>A koll\u00e9giumi felv\u00e9tel 1 tan\u00e9vre sz\u00f3l, \u00e9s iskolai jogviszonyhoz k\u00f6t\u00f6tt.<br><br><\/li><li><strong>Kell-e hozni \u00e1gynem\u0171t?<\/strong><br><em>V\u00e1lasz:<\/em><br>Nem. A koll\u00e9gium biztos\u00edtja az \u00e1gynem\u0171t \u00e9s annak rendszeres tiszt\u00edt\u00e1s\u00e1t. Az \u00e1gynem\u0171 haszn\u00e1lata k\u00f6telez\u0151.<br><br><\/li><li><strong>Mit kell hozni felt\u00e9tlen\u00fcl?<\/strong><br><em>V\u00e1lasz:<\/em><br>T\u00f6r\u00f6lk\u00f6z\u0151t, papucsot, k\u00f6nt\u00f6st, tiszt\u00e1lkod\u00e1si eszk\u00f6z\u00f6ket, mos\u00f3szert. Az int\u00e9zm\u00e9ny k\u00e9zmos\u00f3t \u00e9s WC pap\u00edrt biztos\u00edt, de j\u00f3, ha ebb\u0151l is van tartal\u00e9k.<br>Saj\u00e1t \u00e9lelmiszer fogyaszt\u00e1s\u00e1hoz saj\u00e1t ev\u0151eszk\u00f6z, b\u00f6gre, esetleg t\u00e1ny\u00e9r sz\u00fcks\u00e9ges.<br><br><\/li><li><strong>Van-e lehet\u0151s\u00e9g saj\u00e1t \u00e9lelmiszer t\u00e1rol\u00e1s\u00e1ra?<\/strong><br><em>V\u00e1lasz:<\/em><br>Igen, korl\u00e1tozott m\u00e9rt\u00e9kben. Az \u00e9tkez\u0151ben minden szoba sz\u00e1m\u00e1ra biztos\u00edtott 1 z\u00e1rhat\u00f3 r\u00e9sz a k\u00f6z\u00f6s h\u0171t\u0151szekr\u00e9nyekben, valamint egy t\u00e1rol\u00f3 doboz a sz\u00e1raz\u00e1ru sz\u00e1m\u00e1ra.<br><br><\/li><li><strong>Mikor nyit, \u00e9s mikor z\u00e1r a koll\u00e9gium?<\/strong><br><em>V\u00e1lasz:<\/em><br>A koll\u00e9gium vas\u00e1rnap d\u00e9lut\u00e1n 16:00 \u00f3rakor nyit, \u00e9s p\u00e9nteken d\u00e9lut\u00e1n 16:00 \u00f3rakor z\u00e1r. Igazodik az alkalmank\u00e9nti szombati munkarendhez, ilyenkor ig\u00e9ny szerint teljes h\u00e9tv\u00e9g\u00e9n nyitva tart.<br><br><\/li><li><strong>Van-e reggeli \u00e9breszt\u0151?<\/strong><br><em>V\u00e1lasz:<\/em><br>Nincs. Mivel a tanul\u00f3k k\u00fcl\u00f6nb\u00f6z\u0151 int\u00e9zm\u00e9nyekbe j\u00e1rnak, mindenki saj\u00e1t \u00f3rarendj\u00e9nek megfelel\u0151en, telefonj\u00e1n maga \u00e1ll\u00edtja be az \u00e9breszt\u00e9s id\u0151pontj\u00e1t. Az \u00fcgyeletes tan\u00e1r csak a not\u00f3rius k\u00e9s\u0151ket \u00e9breszti.<br><br><\/li><li><strong>Iskola ut\u00e1n mikor kell vissza\u00e9rni a koll\u00e9giumba?<\/strong><br><em>V\u00e1lasz:<\/em><br>Az \u00e1ltal\u00e1nos vissza\u00e9rkez\u00e9s id\u0151pontja 16:00 \u00f3ra, ett\u0151l csak iskolai elfoglalts\u00e1g miatt lehet elt\u00e9rni. A tanulm\u00e1nyi id\u0151 18:30 \u00f3r\u00e1ig tart, \u00e1ltal\u00e1nos kimen\u0151 19-t\u0151l 20:30-ig van.<br><br><\/li><li><strong>M\u00e9lt\u00e1nyolj\u00e1k, ha j\u00f3l tanulok?<\/strong><br>V\u00e1lasz:<br>Nagyon is! Bizonyos \u00e1tlag f\u00f6l\u00f6tt, bejelent\u00e9ssel meghosszabb\u00edthatod a kimen\u0151det.<br><br><\/li><\/ol>\n","protected":false},"excerpt":{"rendered":"<p>Kell-e fizetni a koll\u00e9gium\u00e9rt?V\u00e1lasz:A koll\u00e9gium \u00e1llami fenntart\u00e1s\u00fa int\u00e9zm\u00e9ny, nappali tagozatos, iskolarendszer\u0171 k\u00f6z\u00e9piskolai oktat\u00e1sban r\u00e9sztvev\u0151 tanul\u00f3k sz\u00e1m\u00e1ra ingyenes. Fizetni csak az \u00e9tkez\u00e9s\u00e9rt kell, melynek h\u00e9tf\u0151t\u0151l cs\u00fct\u00f6rt\u00f6kig napi k\u00e9tszeri ig\u00e9nybev\u00e9tele k\u00f6telez\u0151. Biztos\u00edtott-e a di\u00e9t\u00e1s \u00e9trend?V\u00e1lasz:Igen, ig\u00e9nybev\u00e9tele szakorvosi igazol\u00e1shoz k\u00f6t\u00f6tt. Mennyi id\u0151re sz\u00f3l a koll\u00e9giumi felv\u00e9tel?V\u00e1lasz:A koll\u00e9giumi felv\u00e9tel 1 tan\u00e9vre sz\u00f3l, \u00e9s iskolai jogviszonyhoz k\u00f6t\u00f6tt. Kell-e hozni \u00e1gynem\u0171t?V\u00e1lasz:Nem. [&hellip;]<\/p>\n","protected":false},"author":1,"featured_media":0,"parent":0,"menu_order":0,"comment_status":"closed","ping_status":"closed","template":"","meta":{"ngg_post_thumbnail":0,"_mc_calendar":[],"footnotes":""},"class_list":["post-744","page","type-page","status-publish","hentry"],"yoast_head":"<!-- This site is optimized with the Yoast SEO plugin v27.2 - https:\/\/yoast.com\/product\/yoast-seo-wordpress\/ -->\n<title>GYIK - Ferenczy No\u00e9mi K\u00f6z\u00e9piskolai Le\u00e1nykoll\u00e9gium<\/title>\n<meta name=\"robots\" content=\"index, follow, max-snippet:-1, max-image-preview:large, max-video-preview:-1\" \/>\n<link rel=\"canonical\" href=\"https:\/\/ferenczykollegium.hu\/?page_id=744\" \/>\n<meta property=\"og:locale\" content=\"hu_HU\" \/>\n<meta property=\"og:type\" content=\"article\" \/>\n<meta property=\"og:title\" content=\"GYIK - Ferenczy No\u00e9mi K\u00f6z\u00e9piskolai Le\u00e1nykoll\u00e9gium\" \/>\n<meta property=\"og:description\" content=\"Kell-e fizetni a koll\u00e9gium\u00e9rt?V\u00e1lasz:A koll\u00e9gium \u00e1llami fenntart\u00e1s\u00fa int\u00e9zm\u00e9ny, nappali tagozatos, iskolarendszer\u0171 k\u00f6z\u00e9piskolai oktat\u00e1sban r\u00e9sztvev\u0151 tanul\u00f3k sz\u00e1m\u00e1ra ingyenes. Fizetni csak az \u00e9tkez\u00e9s\u00e9rt kell, melynek h\u00e9tf\u0151t\u0151l cs\u00fct\u00f6rt\u00f6kig napi k\u00e9tszeri ig\u00e9nybev\u00e9tele k\u00f6telez\u0151. Biztos\u00edtott-e a di\u00e9t\u00e1s \u00e9trend?V\u00e1lasz:Igen, ig\u00e9nybev\u00e9tele szakorvosi igazol\u00e1shoz k\u00f6t\u00f6tt. Mennyi id\u0151re sz\u00f3l a koll\u00e9giumi felv\u00e9tel?V\u00e1lasz:A koll\u00e9giumi felv\u00e9tel 1 tan\u00e9vre sz\u00f3l, \u00e9s iskolai jogviszonyhoz k\u00f6t\u00f6tt. Kell-e hozni \u00e1gynem\u0171t?V\u00e1lasz:Nem. [&hellip;]\" \/>\n<meta property=\"og:url\" content=\"https:\/\/ferenczykollegium.hu\/?page_id=744\" \/>\n<meta property=\"og:site_name\" content=\"Ferenczy No\u00e9mi K\u00f6z\u00e9piskolai Le\u00e1nykoll\u00e9gium\" \/>\n<meta property=\"article:publisher\" content=\"https:\/\/www.facebook.com\/ferenczynoemi.kozepiskolaikollegium\" \/>\n<meta property=\"article:modified_time\" content=\"2020-05-04T09:56:39+00:00\" \/>\n<meta name=\"twitter:card\" content=\"summary_large_image\" \/>\n<meta name=\"twitter:label1\" content=\"Becs\u00fclt olvas\u00e1si id\u0151\" \/>\n\t<meta name=\"twitter:data1\" content=\"2 perc\" \/>\n<script type=\"application\/ld+json\" class=\"yoast-schema-graph\">{\"@context\":\"https:\/\/schema.org\",\"@graph\":[{\"@type\":\"WebPage\",\"@id\":\"https:\/\/ferenczykollegium.hu\/?page_id=744\",\"url\":\"https:\/\/ferenczykollegium.hu\/?page_id=744\",\"name\":\"GYIK - Ferenczy No\u00e9mi K\u00f6z\u00e9piskolai Le\u00e1nykoll\u00e9gium\",\"isPartOf\":{\"@id\":\"https:\/\/ferenczykollegium.hu\/#website\"},\"datePublished\":\"2020-05-04T09:51:29+00:00\",\"dateModified\":\"2020-05-04T09:56:39+00:00\",\"inLanguage\":\"hu\",\"potentialAction\":[{\"@type\":\"ReadAction\",\"target\":[\"https:\/\/ferenczykollegium.hu\/?page_id=744\"]}]},{\"@type\":\"WebSite\",\"@id\":\"https:\/\/ferenczykollegium.hu\/#website\",\"url\":\"https:\/\/ferenczykollegium.hu\/\",\"name\":\"Ferenczy No\u00e9mi K\u00f6z\u00e9piskolai Le\u00e1nykoll\u00e9gium\",\"description\":\"\",\"potentialAction\":[{\"@type\":\"SearchAction\",\"target\":{\"@type\":\"EntryPoint\",\"urlTemplate\":\"https:\/\/ferenczykollegium.hu\/?s={search_term_string}\"},\"query-input\":{\"@type\":\"PropertyValueSpecification\",\"valueRequired\":true,\"valueName\":\"search_term_string\"}}],\"inLanguage\":\"hu\"}]}<\/script>\n<!-- \/ Yoast SEO plugin. -->","yoast_head_json":{"title":"GYIK - Ferenczy No\u00e9mi K\u00f6z\u00e9piskolai Le\u00e1nykoll\u00e9gium","robots":{"index":"index","follow":"follow","max-snippet":"max-snippet:-1","max-image-preview":"max-image-preview:large","max-video-preview":"max-video-preview:-1"},"canonical":"https:\/\/ferenczykollegium.hu\/?page_id=744","og_locale":"hu_HU","og_type":"article","og_title":"GYIK - Ferenczy No\u00e9mi K\u00f6z\u00e9piskolai Le\u00e1nykoll\u00e9gium","og_description":"Kell-e fizetni a koll\u00e9gium\u00e9rt?V\u00e1lasz:A koll\u00e9gium \u00e1llami fenntart\u00e1s\u00fa int\u00e9zm\u00e9ny, nappali tagozatos, iskolarendszer\u0171 k\u00f6z\u00e9piskolai oktat\u00e1sban r\u00e9sztvev\u0151 tanul\u00f3k sz\u00e1m\u00e1ra ingyenes. Fizetni csak az \u00e9tkez\u00e9s\u00e9rt kell, melynek h\u00e9tf\u0151t\u0151l cs\u00fct\u00f6rt\u00f6kig napi k\u00e9tszeri ig\u00e9nybev\u00e9tele k\u00f6telez\u0151. Biztos\u00edtott-e a di\u00e9t\u00e1s \u00e9trend?V\u00e1lasz:Igen, ig\u00e9nybev\u00e9tele szakorvosi igazol\u00e1shoz k\u00f6t\u00f6tt. Mennyi id\u0151re sz\u00f3l a koll\u00e9giumi felv\u00e9tel?V\u00e1lasz:A koll\u00e9giumi felv\u00e9tel 1 tan\u00e9vre sz\u00f3l, \u00e9s iskolai jogviszonyhoz k\u00f6t\u00f6tt. Kell-e hozni \u00e1gynem\u0171t?V\u00e1lasz:Nem. [&hellip;]","og_url":"https:\/\/ferenczykollegium.hu\/?page_id=744","og_site_name":"Ferenczy No\u00e9mi K\u00f6z\u00e9piskolai Le\u00e1nykoll\u00e9gium","article_publisher":"https:\/\/www.facebook.com\/ferenczynoemi.kozepiskolaikollegium","article_modified_time":"2020-05-04T09:56:39+00:00","twitter_card":"summary_large_image","twitter_misc":{"Becs\u00fclt olvas\u00e1si id\u0151":"2 perc"},"schema":{"@context":"https:\/\/schema.org","@graph":[{"@type":"WebPage","@id":"https:\/\/ferenczykollegium.hu\/?page_id=744","url":"https:\/\/ferenczykollegium.hu\/?page_id=744","name":"GYIK - Ferenczy No\u00e9mi K\u00f6z\u00e9piskolai Le\u00e1nykoll\u00e9gium","isPartOf":{"@id":"https:\/\/ferenczykollegium.hu\/#website"},"datePublished":"2020-05-04T09:51:29+00:00","dateModified":"2020-05-04T09:56:39+00:00","inLanguage":"hu","potentialAction":[{"@type":"ReadAction","target":["https:\/\/ferenczykollegium.hu\/?page_id=744"]}]},{"@type":"WebSite","@id":"https:\/\/ferenczykollegium.hu\/#website","url":"https:\/\/ferenczykollegium.hu\/","name":"Ferenczy No\u00e9mi K\u00f6z\u00e9piskolai Le\u00e1nykoll\u00e9gium","description":"","potentialAction":[{"@type":"SearchAction","target":{"@type":"EntryPoint","urlTemplate":"https:\/\/ferenczykollegium.hu\/?s={search_term_string}"},"query-input":{"@type":"PropertyValueSpecification","valueRequired":true,"valueName":"search_term_string"}}],"inLanguage":"hu"}]}},"_links":{"self":[{"href":"https:\/\/ferenczykollegium.hu\/index.php?rest_route=\/wp\/v2\/pages\/744","targetHints":{"allow":["GET"]}}],"collection":[{"href":"https:\/\/ferenczykollegium.hu\/index.php?rest_route=\/wp\/v2\/pages"}],"about":[{"href":"https:\/\/ferenczykollegium.hu\/index.php?rest_route=\/wp\/v2\/types\/page"}],"author":[{"embeddable":true,"href":"https:\/\/ferenczykollegium.hu\/index.php?rest_route=\/wp\/v2\/users\/1"}],"replies":[{"embeddable":true,"href":"https:\/\/ferenczykollegium.hu\/index.php?rest_route=%2Fwp%2Fv2%2Fcomments&post=744"}],"version-history":[{"count":2,"href":"https:\/\/ferenczykollegium.hu\/index.php?rest_route=\/wp\/v2\/pages\/744\/revisions"}],"predecessor-version":[{"id":748,"href":"https:\/\/ferenczykollegium.hu\/index.php?rest_route=\/wp\/v2\/pages\/744\/revisions\/748"}],"wp:attachment":[{"href":"https:\/\/ferenczykollegium.hu\/index.php?rest_route=%2Fwp%2Fv2%2Fmedia&parent=744"}],"curies":[{"name":"wp","href":"https:\/\/api.w.org\/{rel}","templated":true}]}}